
What is the value of -10 + 12 + 10 + 13 + -5?
20
What is 0 + -16 + (-126 - -150) - -15?
23
Calculate (22 - 90) + (16 - -25).
-27
What is -10 + -19 - (-89 + 56)?
4
15 + (-5 + 1 - 4 - -17) - 6
18
Evaluate -2 + -1 - (-19 - (-20 + -2)).
-6
(-33 - -30 - -4) + -21
-20
What is the value of (39 - 47) + (0 - 2)?
-10
What is (18 - (5 + -3)) + (-30 - -58) + -22?
22
What is -29 - (-6 - (6 + 7))?
-10
Calculate -18 + (17 - 2 - 11).
-14
Evaluate -19 + (25 + -13 - -4) - -12.
9
What is the value of (7 - (-7 - (-17 + 0))) + (-7 - 1)?
-11
What is the value of (29 - (0 + -11)) + -22?
18
What is the value of 3 + (1 - 4) + 0?
0
Calculate 3 + 2 - (-3 + -40 + 35).
13
2 - ((-2 - (0 + 1)) + (-30 - -34))
1
Evaluate (0 - (-15 - 2)) + -102 + 93.
8
Calculate -3 + -2 - (3 - 2 - 7 - 1).
2
What is the value of (-49 - -55) + (-1 - 2) - -2 - -2?
7
Evaluate (7 - (4 + (-1 - -7) + -22)) + -5.
14
Evaluate -271 + 263 + (0 - -11) + 10.
13
What is the value of (1 - (0 + -2 + 7)) + (-29 - -39)?
6
(-25 + 8 - -17) + -7 + 2
-5
-7 + (8 - 6) + 1 + 14 + -27
-17
What is the value of (1 - -1 - -1 - (-47 - -54)) + -2?
-6
3 + (3 - 2 - 2) + 16 + -8
10
What is the value of 49 + -37 + 11 - 20?
3
Evaluate 2 - (10 + 0) - (-60 + 98 + -38).
-8
What is -17 + (4 - -2) + -10 - -3?
-18
What is the value of (-2 - -4 - (-18 + 4)) + -5?
11
What is the value of -2 - (16 - 25 - 4)?
11
Evaluate -9 + (-4 + -12 - -9 - -3).
-13
What is -13 - (29 - 68) - 25?
1
What is the value of -11 + (-2 - -1) - (-19 + -4 + 11)?
0
What is (13 + 2 - 13) + -4 + 6?
4
What is the value of -11 - (-39 + 43 + (-5 - 1))?
-9
What is the value of 68 - 54 - (7 + -9)?
16
Calculate -22 + -5 + 36 - -6.
15
What is the value of (52 - 9) + 11 + 0 + -3 + -19?
32
Calculate 8 + 14 + (-7 - 2).
13
(1 - (-4 - -9)) + (-9 - -7) + -3
-9
Evaluate -21 + -31 + 15 - -21.
-16
What is the value of (12 - (8 - (16 - 6)) - 6) + 2?
10
Evaluate 628 - 630 - ((22 - -1) + -2).
-23
What is the value of -16 - (17 + -54 + 3)?
18
Calculate 3 - 22 - (153 - 188).
16
What is the value of (-3 - 9 - 5) + 9 + 7 - -3?
2
6 - ((4 - 4 - 5) + 1 + -2)
12
Evaluate (-3 - (101 - 71)) + -2 + (-1 - -3).
-33
Calculate -6 + 0 - (-5 - (2 - -6 - 1)).
6
What is -6 + 13 + 1 + (-2 - -11)?
17
(-4 - (1 + -16)) + -3
8
Evaluate (-8 - -9) + -8 + 3 + 0.
-4
What is (-18 - -14) + 0 - -16 - 14?
-2
-7 - -2 - (-18 + -13 + 21) - 0
5
What is -15 + 22 - (19 - 9)?
-3
What is -2 - -20 - (518 - 484)?
-16
What is the value of -1 + 6 + 6 + (-2 - (-1 + 1))?
9
Evaluate -7 + (26 + -36 - -3).
-14
Evaluate -7 + 6 + (1 + -1 - -14).
13
(-5 - -3 - (-1 - -12)) + 26
13
What is -16 - -10 - -8 - 11?
-9
Evaluate (-12 - (4 - 2)) + -5 + -9 + 12.
-16
What is 3 - (1 + 3 - (-8 + (9 - 5)))?
-5
What is the value of (6 - 17) + (3 - 3) + 9?
-2
What is -2 + 6 + -5 - (-6 + (-1 - -2))?
4
Calculate -1 + 0 + 27 + -9 + 54 + -45.
26
What is (2 - 9) + (-38 - -30) + 3?
-12
-5 - ((-2 - 0 - -3) + -3 + 0)
-3
What is -6 - ((-1 - 0) + (8 + -15 - 2))?
4
What is (9 - 15) + 1 + (-4 - -1)?
-8
What is -245 + 231 - (-2 - 19)?
7
What is (24 - 8 - -3) + 65 + -112?
-28
-1 - (10 + -25 + 20 + -14)
8
What is the value of (198 - 207) + 2 + 9?
2
Calculate -6 - -10 - (1 - 6 - -36) - -6.
-21
What is 4 - (4 - 0) - 6 - (166 + -155)?
-17
What is the value of 0 + 9 - (0 + -13 + 181 + -162)?
3
What is -10 - -1 - (-2 + -24 + (-94 - -100))?
11
Evaluate (-10 - -22) + 0 + 14 + -38.
-12
What is the value of 14 - 7 - (4 - (4 + -10))?
-3
What is 5 - (-2 + -3 + 3) - (35 - 52)?
24
What is the value of 15 + -1 + 2 - (-26 - -36)?
6
What is the value of 11 + 8 + (13 - 26)?
6
What is the value of -4 + (1 - 0) + (100 - 93) + -13?
-9
What is the value of 47 - 31 - (-3 - -6 - 6 - -9)?
10
Calculate (-17 - (30 + -18)) + 19.
-10
Evaluate 17 + (-1 - (21 - 10)) + 12.
17
What is (1 - 5) + (-2 - -21) + -20 + 6?
1
Evaluate 8 + -1 + (2 - 21 - -18).
6
Calculate (-1 + 7 - (0 + 0)) + -1 - -2.
7
What is (0 - 6) + 9 + 15 + (-10 - 1)?
7
Evaluate -14 + 5 + 7 + (7 - 16).
-11
What is the value of -5 + -7 + 6 + (-4 - -11)?
1
Calculate 3 + 2 - (-6 - ((11 - 4) + 13)).
31
What is -11 - (-8 + 20 - 11 - (-2 - -9))?
-5
-9 - (-13 - (-16 - (-1 + -3)))
-8
(-1 - 18) + 7 + (-10 - (-9 + 4))
-17
Calculate 7 - -8 - 2 - -3.
16
1 - -7 - 6 - (-26 - -10)
18
1 - 7 - (195 + -204)
3
Calculate (15 - (-7 + 11)) + 0.
11
-8 + (-5 - (18 - 23)) - (1 - 10)
1
Calculate -27 - (2 + 2 + (15 - 23)).
-23
-1 + (-4 - -4) - (-4 + 1 + 11)
-9
What is -6 + (5 - -11) - 7?
3
What is 37 + -16 + 7 + -15?
13
Evaluate (110 - 101) + 18 + 0.
27
What is 13 + -13 + -10 + 18?
8
What is -12 - 5 - -22 - (-3 + -1)?
9
What is (5 - 14) + (12 - 2) - (6 - 1)?
-4
Evaluate 3 - 1 - -12 - (-7 + 10 - 6).
17
Evaluate (-6 - (-13 + 15)) + 0 - -11.
3
Evaluate -2 - ((0 - (-2 + -4)) + 1 + -2).
-7
-1 - (32 - (-13 - -23))
-23
Calculate -2 + -4 + 0 - (225 - 222).
-9
What is 9 + (-6 - -4) + -7 + -17?
-17
What is the value of -11 + 3 + 17 - 3?
6
Calculate 2 + (-6 - 28 - -21).
-11
What is the value of -1 + 1 + 2 + 1 + -6 - -6?
3
What is the value of (24 - (-6 + 26) - (1 - 5)) + -35?
-27
-3 + 0 + (13 - (-8 + 15))
3
What is the value of -15 - ((-79 + 78 - (3 - 0)) + -5)?
-6
(-19 - -4) + (79 - 66)
-2
14 - (19 - 12 - -15)
-8
What is the value of 9 + 34 + -31 + 4 + -3?
13
(-1 - -2) + 0 + 16
17
Evaluate -1945 + 1952 + (1 + 2 - (1 + 10)).
-1
What is -6 - (0 + -5 + (5 - 9 - -4))?
-1
Calculate -31 + 1 - (-144 + 111).
3
Calculate (-5 - -3) + 11 - (5 + 14).
-10
Evaluate (-5 - 2 - (36 - 44)) + -10.
-9
What is 4 - (-32 + 11 - -9)?
16
What is the value of -1 + -19 + (-35 + 57 - 32)?
-30
Evaluate (7 - 4 - 27) + (11 - 3).
-16
Calculate 36 + -32 - (-10 + -8 + 4).
18
Calculate -28 - ((10 - 21) + -13).
-4
6 + 0 + ((-21 - -3) + 17 - 11)
-6
Evaluate 2 + -1 + (156 - 157).
0
What is (19 - 35) + 5 + (-1 - -30)?
18
What is the value of (-2 - -5) + -8 + 9 + (2 - -5)?
11
-1526 - -1515 - (-1 + -14)
4
What is (-47 - -15 - -44) + (-11 - 3)?
-2
Calculate 8 - (-15 - (7 - 22)) - (-5 + -14).
27
What is the value of 10 + -16 + 18 - 11?
1
-17 + (-5 - -42) - 6 - 15
-1
What is -28 - (2 - (14 - -13))?
-3
What is the value of (8 - 0) + (-17 - (11 - 22))?
2
What is 5 - (9 + 20 + -11)?
-13
(23 - (-8 - (-2 + -12))) + -47
-30
Evaluate ((0 - 8) + -2 + 0 - -19) + -19.
-10
-1 - -7 - ((-3 - (4 + 1)) + 5)
9
What is (11 - -1) + (-268 - -259)?
3
-5 + (34 - 8) + (-1 + 3 - 0)
23
Calculate -5 + 20 + 5 - 14.
6
Calculate (-1 + -7 - (-21 - -6)) + -4.
3
What is -6 + 6 + 5 + 5 + 4 + -5?
9
What is 12 + (-4 - (13 + -10)) - (-3 - -7)?
1
Evaluate (-27 - 1) + (5 - -26) - (0 + 18).
-15
What is (1 - (12 - 5)) + -1 + 8 + -11?
-10
Calculate 5 + (4 - 6) + -6 - (-2 - -2).
-3
Evaluate (-33 - 0) + 52 + -4 + 11.
26
What is the value of (-1 - 6) + 2 + -7 + 4 - 4?
-12
What is -13 - (8 + -11 - 3) - (-34 + -4)?
31
What is the value of 11 - (18 - -1) - 0?
-8
What is -37 + 74 - (15 + 4)?
18
What is 10 + -15 + 7 - (-3 - -1)?
4
Evaluate (12 - 5) + (-1 - 15 - -7).
-2
2 + (0 - -4) + 63 + -67 + -3
-1
What is 11 + -8 + (-11 - -10) + -4?
-2
Evaluate 12 - (5 - -2) - ((-11 - -10) + -8).
14
Evaluate (12 - (4 + 0)) + (-18 - (-5 + -2)).
-3
Calculate -1 + 3 - (1566 + -1555).
-9
What is the value of (15 - (-2 + 1)) + 86 + -112?
-10
What is (23 - 10 - 28) + 25?
10
(-3 - -9 - 1) + (-6 - -2)
1
What is the value of -7 - (5 + 16 + 1 - (6 + 0))?
-23
What is the value of 6 + (-11 - 28) - -52?
19
Calculate 91 + -84 - (-4 - (1 + -5 - -3)).
10
-14 - (-36 - -32 - (-2 - -1))
-11
Evaluate -8 + -7 + (-9 - -11).
-13
What is the value of 18 + 17 + -35 + -2 + 3 + -6?
-5
Calculate -49 + 21 + 61 + -66.
-33
Evaluate -4 + 0 + 1 + (-2 - -6) + -9.
-8
Calculate (27 - -3) + (-2 - -9 - 4 - 2).
31
What is the value of (81 - 69) + -9 - (-1 + -4 + 1)?
7
Calculate -3 - -6 - (-37 - -34).
6
8 + (-30 - -17 - (-1 + 4 + -10))
2
41 + 2 + -11 - (-12 - 0 - -13)
31
31 + (12 - 4 - 11 - -1)
29
What is 7 + (6 - 8 - -4) - (3 - -2)?
4
Evaluate -21 + 32 + (-12 - 6).
-7
Evaluate (-8 - -36 - 9) + -7 + -2 + 2.
12
Evaluate -35 + 93 + -29 - 47.
-18
5 + 2 + -3 + (-16 + 0 - -10)
-2
What is the value of -8 - 1 - (-7 - (-27 - (4 + -20)))?
-13
Calculate -8 + 10 + -20 - -32.
14
-10 - (-2 - (2 + -6 + -3 + 4))
-11
6 - (-38 - -19 - (-15 + 3))
13
What is the value of 127 - 134 - (5 + -4 + 3)?
-11
(-26 - -14 - (3 - 5)) + 15
5
Calculate (9 - 5) + 1 + -4 + 2 - -12.
15
What is (12 + -4 + -3 - 14) + -14?
-23
Calculate -8 + 9 - 